{"id":33,"date":"2023-11-22T13:23:30","date_gmt":"2023-11-22T13:23:30","guid":{"rendered":"https:\/\/mobilierhoreca.com\/?page_id=33"},"modified":"2023-11-29T13:25:34","modified_gmt":"2023-11-29T13:25:34","slug":"accueil","status":"publish","type":"page","link":"https:\/\/mobilierhoreca.com\/","title":{"rendered":"Accueil"},"content":{"rendered":"\n<div class=\"wp-block-cover alignfull is-light\" style=\"min-height:700px;aspect-ratio:unset;\"><span aria-hidden=\"true\" class=\"wp-block-cover__background has-background-dim-0 has-background-dim\"><\/span><img loading=\"lazy\" decoding=\"async\" width=\"1800\" height=\"1800\" class=\"wp-block-cover__image-background wp-image-79\" alt=\"\" src=\"https:\/\/mobilierhoreca.com\/wp-content\/uploads\/2023\/11\/3-1.png\" data-object-fit=\"cover\" srcset=\"https:\/\/mobilierhoreca.com\/wp-content\/uploads\/2023\/11\/3-1.png 1800w, https:\/\/mobilierhoreca.com\/wp-content\/uploads\/2023\/11\/3-1-300x300.png 300w, https:\/\/mobilierhoreca.com\/wp-content\/uploads\/2023\/11\/3-1-1024x1024.png 1024w, https:\/\/mobilierhoreca.com\/wp-content\/uploads\/2023\/11\/3-1-150x150.png 150w, https:\/\/mobilierhoreca.com\/wp-content\/uploads\/2023\/11\/3-1-768x768.png 768w, https:\/\/mobilierhoreca.com\/wp-content\/uploads\/2023\/11\/3-1-1536x1536.png 1536w, https:\/\/mobilierhoreca.com\/wp-content\/uploads\/2023\/11\/3-1-600x600.png 600w, https:\/\/mobilierhoreca.com\/wp-content\/uploads\/2023\/11\/3-1-100x100.png 100w\" sizes=\"auto, (max-width: 1800px) 100vw, 1800px\" \/><div class=\"wp-block-cover__inner-container is-layout-flow wp-block-cover-is-layout-flow\">\n<div style=\"height:80px\" aria-hidden=\"true\" class=\"wp-block-spacer\"><\/div>\n\n\n\n<div style=\"height:80px\" aria-hidden=\"true\" class=\"wp-block-spacer\"><\/div>\n\n\n\n<p><\/p>\n<\/div><\/div>\n\n\n\n<h6 class=\"wp-block-heading alignfull has-text-align-left has-nv-site-bg-color has-text-color\"><img loading=\"lazy\" decoding=\"async\" width=\"140\" height=\"95\" class=\"wp-image-6\" style=\"width: 140px;\" src=\"https:\/\/mobilierhoreca.com\/wp-content\/uploads\/2023\/11\/logo-final-lp-horeca-signature.gif\" alt=\"\"><\/h6>\n\n\n\n<div class=\"wp-block-cover alignfull is-light\" style=\"min-height:600px;aspect-ratio:unset;\"><span aria-hidden=\"true\" class=\"wp-block-cover__background has-nv-light-bg-background-color has-background-dim-100 has-background-dim\"><\/span><div class=\"wp-block-cover__inner-container is-layout-flow wp-block-cover-is-layout-flow\">\n<div class=\"wp-block-group\"><div class=\"wp-block-group__inner-container is-layout-flow wp-block-group-is-layout-flow\">\n<div style=\"height:80px\" aria-hidden=\"true\" class=\"wp-block-spacer\"><\/div>\n\n\n\n<div class=\"wp-block-columns are-vertically-aligned-center is-layout-flex wp-container-core-columns-is-layout-9d6595d7 wp-block-columns-is-layout-flex\">\n<div class=\"wp-block-column is-vertically-aligned-center is-layout-flow wp-block-column-is-layout-flow\" style=\"flex-basis:50%\">\n<figure class=\"wp-block-image size-large\"><img loading=\"lazy\" decoding=\"async\" width=\"1024\" height=\"1024\" src=\"https:\/\/mobilierhoreca.com\/wp-content\/uploads\/2023\/11\/6-1024x1024.png\" alt=\"\" class=\"wp-image-74\" srcset=\"https:\/\/mobilierhoreca.com\/wp-content\/uploads\/2023\/11\/6-1024x1024.png 1024w, https:\/\/mobilierhoreca.com\/wp-content\/uploads\/2023\/11\/6-300x300.png 300w, https:\/\/mobilierhoreca.com\/wp-content\/uploads\/2023\/11\/6-150x150.png 150w, https:\/\/mobilierhoreca.com\/wp-content\/uploads\/2023\/11\/6-768x768.png 768w, https:\/\/mobilierhoreca.com\/wp-content\/uploads\/2023\/11\/6-1536x1536.png 1536w, https:\/\/mobilierhoreca.com\/wp-content\/uploads\/2023\/11\/6-600x600.png 600w, https:\/\/mobilierhoreca.com\/wp-content\/uploads\/2023\/11\/6-100x100.png 100w, https:\/\/mobilierhoreca.com\/wp-content\/uploads\/2023\/11\/6.png 1800w\" sizes=\"auto, (max-width: 1024px) 100vw, 1024px\" \/><\/figure>\n<\/div>\n\n\n\n<div class=\"wp-block-column is-vertically-aligned-center is-layout-flow wp-block-column-is-layout-flow\" style=\"flex-basis:50%\">\n<div style=\"height:20px\" aria-hidden=\"true\" class=\"wp-block-spacer\"><\/div>\n\n\n\n<h2 class=\"wp-block-heading has-text-align-left has-neve-text-color-color has-text-color\">Produits de stock <\/h2>\n\n\n\n<p class=\"has-text-align-left has-neve-text-color-color has-text-color\" style=\"font-size:17px\">Un stock de mobilier Horeca pr\u00eat \u00e0 \u00eatre livr\u00e9 dans votre \u00e9tablissement. Si vous souhaitez obtenir un devis gratuit, il vous suffit de cliquer ci-dessous. Nous vous fournirons rapidement un devis personnalis\u00e9. Ne manquez pas cette opportunit\u00e9 de cr\u00e9er un espace unique avec notre mobilier de qualit\u00e9 ! <\/p>\n\n\n\n<div class=\"wp-block-buttons is-content-justification-left is-layout-flex wp-container-core-buttons-is-layout-fdcfc74e wp-block-buttons-is-layout-flex\">\n<div class=\"wp-block-button is-style-primary\"><a class=\"wp-block-button__link wp-element-button\" href=\"https:\/\/mobilierhoreca.com\/index.php\/contact\/\">Devis gratuit<\/a><\/div>\n<\/div>\n<\/div>\n<\/div>\n\n\n\n<div style=\"height:40px\" aria-hidden=\"true\" class=\"wp-block-spacer\"><\/div>\n<\/div><\/div>\n<\/div><\/div>\n\n\n\n<div class=\"wp-block-cover alignfull is-light\" style=\"min-height:600px;aspect-ratio:unset;\"><span aria-hidden=\"true\" class=\"wp-block-cover__background has-nv-site-bg-background-color has-background-dim-100 has-background-dim\"><\/span><div class=\"wp-block-cover__inner-container is-layout-flow wp-block-cover-is-layout-flow\">\n<div class=\"wp-block-group\"><div class=\"wp-block-group__inner-container is-layout-flow wp-block-group-is-layout-flow\">\n<div style=\"height:80px\" aria-hidden=\"true\" class=\"wp-block-spacer\"><\/div>\n\n\n\n<div class=\"wp-block-columns are-vertically-aligned-center is-layout-flex wp-container-core-columns-is-layout-9d6595d7 wp-block-columns-is-layout-flex\">\n<div class=\"wp-block-column is-vertically-aligned-center is-layout-flow wp-block-column-is-layout-flow\" style=\"flex-basis:50%\">\n<h2 class=\"wp-block-heading has-text-align-left has-neve-text-color-color has-text-color\">Rapport qualit\u00e9-prix <\/h2>\n\n\n\n<p class=\"has-text-align-left has-neve-text-color-color has-text-color\" style=\"font-size:17px\">Nous sommes fiers d&#8217;offrir \u00e0 nos clients les meilleurs prix. Nous comprenons l&#8217;importance d&#8217;un bon rapport qualit\u00e9-prix, c&#8217;est pourquoi nous nous effor\u00e7ons constamment de nous am\u00e9liorer et de proposer des produits de qualit\u00e9 \u00e0 des prix comp\u00e9titifs. Notre objectif est de satisfaire nos clients en leur offrant des solutions de mobilier durables et esth\u00e9tiques, tout en respectant leur budget. Nous sommes toujours \u00e0 l&#8217;\u00e9coute des besoins de nos clients et nous nous engageons \u00e0 leur fournir le meilleur service possible. Faites confiance \u00e0 notre expertise et d\u00e9couvrez nos offres avantageuses d\u00e8s maintenant !<\/p>\n\n\n\n<div class=\"wp-block-buttons is-content-justification-left is-layout-flex wp-container-core-buttons-is-layout-fdcfc74e wp-block-buttons-is-layout-flex\">\n<div class=\"wp-block-button is-style-primary\"><a class=\"wp-block-button__link wp-element-button\" href=\"https:\/\/mobilierhoreca.com\/index.php\/portofolio\/\">Nos produits<\/a><\/div>\n<\/div>\n\n\n\n<div style=\"height:40px\" aria-hidden=\"true\" class=\"wp-block-spacer\"><\/div>\n<\/div>\n\n\n\n<div class=\"wp-block-column is-vertically-aligned-center is-layout-flow wp-block-column-is-layout-flow\" style=\"flex-basis:50%\">\n<figure class=\"wp-block-image size-large\"><img loading=\"lazy\" decoding=\"async\" width=\"1800\" height=\"1800\" src=\"https:\/\/mobilierhoreca.com\/wp-content\/uploads\/2023\/11\/4-1024x1024.png\" alt=\"\" class=\"wp-image-72\" srcset=\"https:\/\/mobilierhoreca.com\/wp-content\/uploads\/2023\/11\/4-1024x1024.png 1024w, https:\/\/mobilierhoreca.com\/wp-content\/uploads\/2023\/11\/4-300x300.png 300w, https:\/\/mobilierhoreca.com\/wp-content\/uploads\/2023\/11\/4-150x150.png 150w, https:\/\/mobilierhoreca.com\/wp-content\/uploads\/2023\/11\/4-768x768.png 768w, https:\/\/mobilierhoreca.com\/wp-content\/uploads\/2023\/11\/4-1536x1536.png 1536w, https:\/\/mobilierhoreca.com\/wp-content\/uploads\/2023\/11\/4-600x600.png 600w, https:\/\/mobilierhoreca.com\/wp-content\/uploads\/2023\/11\/4-100x100.png 100w, https:\/\/mobilierhoreca.com\/wp-content\/uploads\/2023\/11\/4.png 1800w\" sizes=\"auto, (max-width: 1800px) 100vw, 1800px\" \/><\/figure>\n<\/div>\n<\/div>\n\n\n\n<div style=\"height:40px\" aria-hidden=\"true\" class=\"wp-block-spacer\"><\/div>\n<\/div><\/div>\n<\/div><\/div>\n\n\n\n<div class=\"wp-block-cover alignfull is-light\" style=\"min-height:600px;aspect-ratio:unset;\"><span aria-hidden=\"true\" class=\"wp-block-cover__background has-nv-dark-bg-background-color has-background-dim-100 has-background-dim\"><\/span><div class=\"wp-block-cover__inner-container is-layout-flow wp-block-cover-is-layout-flow\">\n<div class=\"wp-block-group\"><div class=\"wp-block-group__inner-container is-layout-flow wp-block-group-is-layout-flow\">\n<div style=\"height:80px\" aria-hidden=\"true\" class=\"wp-block-spacer\"><\/div>\n\n\n\n<div class=\"wp-block-columns are-vertically-aligned-center is-layout-flex wp-container-core-columns-is-layout-9d6595d7 wp-block-columns-is-layout-flex\">\n<div class=\"wp-block-column is-vertically-aligned-center is-layout-flow wp-block-column-is-layout-flow\" style=\"flex-basis:50%\">\n<figure class=\"wp-block-image size-full\"><img loading=\"lazy\" decoding=\"async\" width=\"810\" height=\"540\" src=\"https:\/\/mobilierhoreca.com\/wp-content\/uploads\/2023\/11\/lp-photo-batiment.jpeg\" alt=\"\" class=\"wp-image-121\" srcset=\"https:\/\/mobilierhoreca.com\/wp-content\/uploads\/2023\/11\/lp-photo-batiment.jpeg 810w, https:\/\/mobilierhoreca.com\/wp-content\/uploads\/2023\/11\/lp-photo-batiment-300x200.jpeg 300w, https:\/\/mobilierhoreca.com\/wp-content\/uploads\/2023\/11\/lp-photo-batiment-768x512.jpeg 768w, https:\/\/mobilierhoreca.com\/wp-content\/uploads\/2023\/11\/lp-photo-batiment-600x400.jpeg 600w\" sizes=\"auto, (max-width: 810px) 100vw, 810px\" \/><\/figure>\n<\/div>\n\n\n\n<div class=\"wp-block-column is-vertically-aligned-center is-layout-flow wp-block-column-is-layout-flow\" style=\"flex-basis:50%\">\n<div style=\"height:40px\" aria-hidden=\"true\" class=\"wp-block-spacer\"><\/div>\n\n\n\n<h2 class=\"wp-block-heading has-text-align-left has-nv-text-dark-bg-color has-text-color\">Une \u00e9quipe \u00e0 votre \u00e9coute<\/h2>\n\n\n\n<p class=\"has-text-align-left has-nv-text-dark-bg-color has-text-color\" style=\"font-size:17px\">Une \u00e9quipe professionnelle, \u00e0 l&#8217;\u00e9coute de nos clients et dot\u00e9e d&#8217;une solide exp\u00e9rience. Depuis notre cr\u00e9ation en 2015, nous avons acquis une expertise dans le domaine du mobilier Horeca et nous mettons tout en \u0153uvre pour offrir un service de qualit\u00e9 sup\u00e9rieure. Notre \u00e9quipe est l\u00e0 pour vous conseiller, r\u00e9pondre \u00e0 vos questions et vous accompagner tout au long de votre projet. Nous comprenons l&#8217;importance de vos besoins sp\u00e9cifiques et nous nous engageons \u00e0 vous fournir des solutions adapt\u00e9es. Faites confiance \u00e0 notre \u00e9quipe exp\u00e9riment\u00e9e pour vous offrir une exp\u00e9rience client exceptionnelle !<\/p>\n\n\n\n<div class=\"wp-block-buttons is-content-justification-left is-layout-flex wp-container-core-buttons-is-layout-fdcfc74e wp-block-buttons-is-layout-flex\">\n<div class=\"wp-block-button is-style-primary\"><a class=\"wp-block-button__link wp-element-button\" href=\"https:\/\/mobilierhoreca.com\/index.php\/contact\/\">Contact<\/a><\/div>\n<\/div>\n<\/div>\n<\/div>\n\n\n\n<div style=\"height:40px\" aria-hidden=\"true\" class=\"wp-block-spacer\"><\/div>\n<\/div><\/div>\n<\/div><\/div>\n\n\n\n<div class=\"wp-block-cover alignfull is-light\" style=\"min-height:600px;aspect-ratio:unset;\"><span aria-hidden=\"true\" class=\"wp-block-cover__background has-nv-site-bg-background-color has-background-dim-100 has-background-dim\"><\/span><div class=\"wp-block-cover__inner-container is-layout-flow wp-block-cover-is-layout-flow\">\n<div class=\"wp-block-group\"><div class=\"wp-block-group__inner-container is-layout-flow wp-block-group-is-layout-flow\">\n<div style=\"height:80px\" aria-hidden=\"true\" class=\"wp-block-spacer\"><\/div>\n\n\n\n<h2 class=\"wp-block-heading has-neve-text-color-color has-text-color\">Nos r\u00e9alisations<\/h2>\n\n\n\n<div style=\"height:0px\" aria-hidden=\"true\" class=\"wp-block-spacer\"><\/div>\n\n\n\n<div class=\"wp-block-columns are-vertically-aligned-center is-layout-flex wp-container-core-columns-is-layout-9d6595d7 wp-block-columns-is-layout-flex\">\n<div class=\"wp-block-column is-vertically-aligned-center is-layout-flow wp-block-column-is-layout-flow\" style=\"flex-basis:50%\">\n<figure class=\"wp-block-image size-large\"><img loading=\"lazy\" decoding=\"async\" width=\"1024\" height=\"1024\" src=\"https:\/\/mobilierhoreca.com\/wp-content\/uploads\/2023\/11\/7-2-1024x1024.png\" alt=\"\" class=\"wp-image-81\" srcset=\"https:\/\/mobilierhoreca.com\/wp-content\/uploads\/2023\/11\/7-2-1024x1024.png 1024w, https:\/\/mobilierhoreca.com\/wp-content\/uploads\/2023\/11\/7-2-300x300.png 300w, https:\/\/mobilierhoreca.com\/wp-content\/uploads\/2023\/11\/7-2-150x150.png 150w, https:\/\/mobilierhoreca.com\/wp-content\/uploads\/2023\/11\/7-2-768x768.png 768w, https:\/\/mobilierhoreca.com\/wp-content\/uploads\/2023\/11\/7-2-1536x1536.png 1536w, https:\/\/mobilierhoreca.com\/wp-content\/uploads\/2023\/11\/7-2-600x600.png 600w, https:\/\/mobilierhoreca.com\/wp-content\/uploads\/2023\/11\/7-2-100x100.png 100w, https:\/\/mobilierhoreca.com\/wp-content\/uploads\/2023\/11\/7-2.png 1800w\" sizes=\"auto, (max-width: 1024px) 100vw, 1024px\" \/><\/figure>\n\n\n\n<div style=\"height:40px\" aria-hidden=\"true\" class=\"wp-block-spacer\"><\/div>\n<\/div>\n\n\n\n<div class=\"wp-block-column is-vertically-aligned-center is-layout-flow wp-block-column-is-layout-flow\" style=\"flex-basis:50%\">\n<figure class=\"wp-block-image size-large\"><img loading=\"lazy\" decoding=\"async\" width=\"1024\" height=\"1024\" src=\"https:\/\/mobilierhoreca.com\/wp-content\/uploads\/2023\/11\/1-1024x1024.png\" alt=\"\" class=\"wp-image-69\" srcset=\"https:\/\/mobilierhoreca.com\/wp-content\/uploads\/2023\/11\/1-1024x1024.png 1024w, https:\/\/mobilierhoreca.com\/wp-content\/uploads\/2023\/11\/1-300x300.png 300w, https:\/\/mobilierhoreca.com\/wp-content\/uploads\/2023\/11\/1-150x150.png 150w, https:\/\/mobilierhoreca.com\/wp-content\/uploads\/2023\/11\/1-768x768.png 768w, https:\/\/mobilierhoreca.com\/wp-content\/uploads\/2023\/11\/1-1536x1536.png 1536w, https:\/\/mobilierhoreca.com\/wp-content\/uploads\/2023\/11\/1-600x600.png 600w, https:\/\/mobilierhoreca.com\/wp-content\/uploads\/2023\/11\/1-100x100.png 100w, https:\/\/mobilierhoreca.com\/wp-content\/uploads\/2023\/11\/1.png 1800w\" sizes=\"auto, (max-width: 1024px) 100vw, 1024px\" \/><\/figure>\n\n\n\n<div style=\"height:40px\" aria-hidden=\"true\" class=\"wp-block-spacer\"><\/div>\n<\/div>\n<\/div>\n\n\n\n<div style=\"height:40px\" aria-hidden=\"true\" class=\"wp-block-spacer\"><\/div>\n<\/div><\/div>\n<\/div><\/div>\n\n\n\n<div class=\"wp-block-cover alignfull is-light\" style=\"min-height:420px;aspect-ratio:unset;\"><span aria-hidden=\"true\" class=\"wp-block-cover__background has-nv-light-bg-background-color has-background-dim-100 has-background-dim\"><\/span><div class=\"wp-block-cover__inner-container is-layout-flow wp-block-cover-is-layout-flow\">\n<figure class=\"wp-block-image is-resized\"><img decoding=\"async\" src=\"https:\/\/www.lp-horeca.be\/img\/logo-footer-lp-horeca.png\" alt=\"LP-HORECA\" style=\"width:182px;height:auto\"\/><\/figure>\n\n\n\n<p><strong>Tel:<\/strong>&nbsp;<strong><a href=\"tel:+3271800500\">071 800 500<\/a><\/strong><\/p>\n\n\n\n<p><strong>Email:<\/strong> <a href=\"mailto:info@lp-horeca.be\"><strong>info@lp-horeca.be<\/strong><\/a><\/p>\n\n\n\n<p><strong>Adresse:<\/strong> <a href=\"map:\"><strong>Rue de l&#8217;avenir, 9 | B-5140 Sombreffe<\/strong><\/a><\/p>\n\n\n\n<h4 class=\"wp-block-heading\">NOUS SUIVRE<\/h4>\n\n\n\n<ul class=\"wp-block-list\">\n<li><a href=\"https:\/\/www.facebook.com\/LpHoreca\/\" target=\"_blank\" rel=\"noreferrer noopener\">Facebook<\/a><\/li>\n\n\n\n<li><a href=\"https:\/\/www.instagram.com\/lp_horeca\/\">Instagram<\/a><\/li>\n<\/ul>\n\n\n\n<h4 class=\"wp-block-heading\">INFORMATIONS<\/h4>\n\n\n\n<ul class=\"wp-block-list\">\n<li><a href=\"https:\/\/www.lp-horeca.be\/content\/1-livraison\">Livraison<\/a><\/li>\n\n\n\n<li><a href=\"https:\/\/www.lp-horeca.be\/content\/2-mentions-legales\">Mentions l\u00e9gales<\/a><\/li>\n\n\n\n<li><a href=\"https:\/\/www.lp-horeca.be\/content\/3-conditions-generales-de-ventes\">Conditions d&#8217;utilisation<\/a><\/li>\n\n\n\n<li><a href=\"https:\/\/www.lp-horeca.be\/content\/4-a-propos\">A propos<\/a><\/li>\n<\/ul>\n<\/div><\/div>\n","protected":false},"excerpt":{"rendered":"","protected":false},"author":1,"featured_media":0,"parent":0,"menu_order":0,"comment_status":"closed","ping_status":"closed","template":"","meta":{"neve_meta_sidebar":"","neve_meta_container":"","neve_meta_enable_content_width":"on","neve_meta_content_width":100,"neve_meta_title_alignment":"","neve_meta_author_avatar":"","neve_post_elements_order":"","neve_meta_disable_header":"","neve_meta_disable_footer":"","neve_meta_disable_title":"on","_ti_tpc_template_sync":false,"_ti_tpc_template_id":"","footnotes":""},"class_list":["post-33","page","type-page","status-publish","hentry"],"_links":{"self":[{"href":"https:\/\/mobilierhoreca.com\/index.php\/wp-json\/wp\/v2\/pages\/33","targetHints":{"allow":["GET"]}}],"collection":[{"href":"https:\/\/mobilierhoreca.com\/index.php\/wp-json\/wp\/v2\/pages"}],"about":[{"href":"https:\/\/mobilierhoreca.com\/index.php\/wp-json\/wp\/v2\/types\/page"}],"author":[{"embeddable":true,"href":"https:\/\/mobilierhoreca.com\/index.php\/wp-json\/wp\/v2\/users\/1"}],"replies":[{"embeddable":true,"href":"https:\/\/mobilierhoreca.com\/index.php\/wp-json\/wp\/v2\/comments?post=33"}],"version-history":[{"count":25,"href":"https:\/\/mobilierhoreca.com\/index.php\/wp-json\/wp\/v2\/pages\/33\/revisions"}],"predecessor-version":[{"id":154,"href":"https:\/\/mobilierhoreca.com\/index.php\/wp-json\/wp\/v2\/pages\/33\/revisions\/154"}],"wp:attachment":[{"href":"https:\/\/mobilierhoreca.com\/index.php\/wp-json\/wp\/v2\/media?parent=33"}],"curies":[{"name":"wp","href":"https:\/\/api.w.org\/{rel}","templated":true}]}}